{"id":263,"date":"2022-03-22T21:25:35","date_gmt":"2022-03-22T21:25:35","guid":{"rendered":"http:\/\/www.dynamicalsystems.cl\/?page_id=263"},"modified":"2024-04-02T19:23:40","modified_gmt":"2024-04-02T19:23:40","slug":"researchers","status":"publish","type":"page","link":"https:\/\/www.dynamicalsystems.cl\/?page_id=263","title":{"rendered":"Researchers"},"content":{"rendered":"<table>\n<tbody>\n<tr>\n<td style=\"text-align: left;\"><strong><a href=\"http:\/\/paguirre.mat.utfsm.cl\" target=\"_blank\" rel=\"noopener noreferrer\">Aguirre, Pablo<\/a><\/strong><br \/>\nDepartamento de Matem\u00e1tica, Universidad Santa Mar\u00eda (USM)<\/td>\n<\/tr>\n<tr>\n<td style=\"text-align: left;\"><strong><a href=\"https:\/\/www.mat-unab.cl\/~jaliste\/\" target=\"_blank\" rel=\"noopener noreferrer\">Aliste, Jos\u00e9<\/a><\/strong><br \/>\nDepartamento de Matem\u00e1ticas, Universidad Andr\u00e9s Bello (UNAB)<\/td>\n<\/tr>\n<tr>\n<td style=\"text-align: left;\"><strong><a href=\"http:\/\/ima.ucv.cl\/academicos\/matthieu-arfeux\/\" target=\"_blank\" rel=\"noopener noreferrer\">Arfeux, Matthieu<\/a><\/strong><br \/>\nInstituto de Matem\u00e1ticas, Pontificia Universidad Cat\u00f3lica de Valpara\u00edso (PUCV)<\/td>\n<\/tr>\n<tr>\n<td style=\"text-align: left;\"><strong><a href=\"https:\/\/www.instagram.com\/bamotrix\/?hl=es\" target=\"_blank\" rel=\"noopener noreferrer\">Bam\u00f3n, Rodrigo<\/a><\/strong><\/td>\n<\/tr>\n<tr>\n<td style=\"text-align: left;\"><strong><a href=\"http:\/\/www.sbarbieri.usach.cl\/\" target=\"_blank\" rel=\"noopener noreferrer\">Barbieri, Sebasti\u00e1n<\/a><\/strong><br \/>\nDepartamento de Matem\u00e1tica, Universidad de Santiago de Chile (USACH)<\/td>\n<\/tr>\n<tr>\n<td style=\"text-align: left;\"><strong><a href=\"http:\/\/www.mat.uc.cl\/~raimundo.briceno\" target=\"_blank\" rel=\"noopener noreferrer\">Brice\u00f1o, Raimundo<\/a><\/strong><br \/>\nFacultad de Matem\u00e1ticas, Pontificia Universidad Cat\u00f3lica de Chile (UC)<\/td>\n<\/tr>\n<tr>\n<td style=\"text-align: left;\"><strong>Bustos, \u00c1lvaro<\/strong><br \/>\nFacultad de Matem\u00e1ticas, Pontificia Universidad Cat\u00f3lica de Chile (UC)<\/td>\n<\/tr>\n<tr>\n<td style=\"text-align: left;\"><strong><a href=\"http:\/\/dmat.ciencias.ubiobio.cl\/?page_id=231\" target=\"_blank\" rel=\"noopener noreferrer\">Carrasco, Dante<\/a><\/strong><br \/>\nDepartamento de Matem\u00e1tica, Universidad del\u00a0B\u00edo-B\u00edo (UBB)<\/td>\n<\/tr>\n<tr>\n<td style=\"text-align: left;\"><strong>Casta\u00f1eda, \u00c1lvaro<\/strong><br \/>\nDepartamento de Matem\u00e1tica, Universidad de Chile (UCh)<\/td>\n<\/tr>\n<tr>\n<td style=\"text-align: left;\"><strong><a href=\"https:\/\/icipriano.org\/main\" target=\"_blank\" rel=\"noopener noreferrer\">Cipriano, \u00cdtalo<\/a><\/strong><\/td>\n<\/tr>\n<tr>\n<td style=\"text-align: left;\"><strong>Coronel, Daniel<\/strong><br \/>\nFacultad de Matem\u00e1ticas, Pontificia Universidad Cat\u00f3lica de Chile (UC)<\/td>\n<\/tr>\n<tr>\n<td style=\"text-align: left;\"><strong><a href=\"https:\/\/sites.google.com\/view\/mariaisabelcortez\/home\" target=\"_blank\" rel=\"noopener noreferrer\">Cortez, Mar\u00eda Isabel<\/a><\/strong><br \/>\nFacultad de Matem\u00e1ticas, Pontificia Universidad Cat\u00f3lica de Chile (UC)<\/td>\n<\/tr>\n<tr>\n<td style=\"text-align: left;\"><strong><a href=\"http:\/\/ciencias.ubiobio.cl\/gisda\/index.php\/francisco-crespo\/\" target=\"_blank\" rel=\"noopener noreferrer\">Crespo, Francisco<\/a><\/strong><br \/>\nUniversidad del B\u00edo-B\u00edo (UBB)<\/td>\n<\/tr>\n<tr>\n<td style=\"text-align: left;\"><strong><a href=\"https:\/\/sites.google.com\/site\/sebastiandonosofuentes\/\" target=\"_blank\" rel=\"noopener noreferrer\">Donoso, Sebasti\u00e1n<\/a><\/strong><br \/>\nCentro de Modelamiento Matem\u00e1tico (CMM), Universidad de Chile (UCh)<\/td>\n<\/tr>\n<tr>\n<td style=\"text-align: left;\"><strong>Frank, Alexander<\/strong><br \/>\nDepartamento de Matem\u00e1ticas, Universidad Andr\u00e9s Bello (UNAB)<\/td>\n<\/tr>\n<tr>\n<td style=\"text-align: left;\"><strong>Gu\u00ed\u00f1ez, Victor<\/strong><br \/>\nDepartamento de Matem\u00e1tica, Universidad de Santiago de Chile (USACH)<\/td>\n<\/tr>\n<tr>\n<td style=\"text-align: left;\"><strong>Guiraud, Pierre<\/strong><br \/>\nDepartamento de Estad\u00edstica, Universidad de Valpara\u00edso (UV)<\/td>\n<\/tr>\n<tr>\n<td style=\"text-align: left;\"><strong><a href=\"https:\/\/www.dim.uchile.cl\/~rgutierrez\/\" target=\"_blank\" rel=\"noopener noreferrer\">Guti\u00e9rrez-Romo, Rodolfo<\/a><\/strong><br \/>\nDepartamento de Ingenier\u00eda Matem\u00e1tica (Facultad de Ingenier\u00eda), Universidad de Chile (UCh)<\/td>\n<\/tr>\n<tr>\n<td style=\"text-align: left;\"><strong><a href=\"https:\/\/dme.ufro.cl\/rhidalgo\/\" target=\"_blank\" rel=\"noopener noreferrer\">Hidalgo, Rub\u00e9n<\/a><\/strong><br \/>\nDepartamento de Matem\u00e1tica y Estad\u00edstica, Universidad de la Frontera (UFRO)<\/td>\n<\/tr>\n<tr>\n<td style=\"text-align: left;\"><strong><a href=\"http:\/\/icfm.uach.cl\/personas\/irene-inoquio.php\" target=\"_blank\" rel=\"noopener noreferrer\">Inoquio-Renteria, Irene<\/a><\/strong><br \/>\nFacultad de Matem\u00e1ticas, Universidad Austral de Chile (UACh)<\/td>\n<\/tr>\n<tr>\n<td style=\"text-align: left;\"><strong><a href=\"http:\/\/www.mat.uc.cl\/~giommi\/\" target=\"_blank\" rel=\"noopener noreferrer\">Iommi, Godofredo<\/a><\/strong><br \/>\nFacultad de Matem\u00e1ticas, Pontificia Universidad Cat\u00f3lica de Chile (UC)<\/td>\n<\/tr>\n<tr>\n<td style=\"text-align: left;\"><strong>Jorquera, Eduardo<\/strong><br \/>\nDepartamento de Matem\u00e1ticas, Universidad de La Serena (ULS)<\/td>\n<\/tr>\n<tr>\n<td style=\"text-align: left;\"><strong><a href=\"https:\/\/www.mat.uc.cl\/personas\/perfil\/jkiwi\" target=\"_blank\" rel=\"noopener noreferrer\">Kiwi, Jan<\/a><\/strong><br \/>\nFacultad de Matem\u00e1ticas, Pontificia Universidad Cat\u00f3lica de Chile (UC)<\/td>\n<\/tr>\n<tr>\n<td style=\"text-align: left;\"><strong>Labarca, Rafael<\/strong><br \/>\nDepartamento de Matem\u00e1tica, Universidad de Santiago de Chile (USACH)<\/td>\n<\/tr>\n<tr>\n<td style=\"text-align: left;\"><strong><a href=\"https:\/\/sites.google.com\/view\/amaass\/home\" target=\"_blank\" rel=\"noopener noreferrer\">Maass, Alejandro<\/a><\/strong><br \/>\nCentro de Modelamiento Matem\u00e1tico (CMM), Universidad de Chile (UCh)<\/td>\n<\/tr>\n<tr>\n<td style=\"text-align: left;\"><strong><a href=\"http:\/\/www.mat.usach.cl\/index.php\/2012-12-19-12-50-19\/academicos\/75-andres-navas-flores\" target=\"_blank\" rel=\"noopener noreferrer\">Navas, Andr\u00e9s<\/a><\/strong><br \/>\nDepartamento de Matem\u00e1tica, Universidad de Santiago de Chile (USACH)<\/td>\n<\/tr>\n<tr>\n<td style=\"text-align: left;\"><strong>Pardo, \u00c1ngel<\/strong><br \/>\nDepartamento de Matem\u00e1tica, Universidad de Santiago de Chile (USACH)<\/td>\n<\/tr>\n<tr>\n<td style=\"text-align: left;\"><strong><a href=\"http:\/\/www.mat.uc.cl\/~mponcea\/\" target=\"_blank\" rel=\"noopener noreferrer\">Ponce, Mario<\/a><\/strong><br \/>\nFacultad de Matem\u00e1ticas, Pontificia Universidad Cat\u00f3lica de Chile (UC)<\/td>\n<\/tr>\n<tr>\n<td style=\"text-align: left;\"><strong>Ram\u00edrez, Sebasti\u00e1n<\/strong><br \/>\nFacultad de Matem\u00e1ticas, Pontificia Universidad Cat\u00f3lica de Chile (UC)<\/td>\n<\/tr>\n<tr>\n<td style=\"text-align: left;\"><strong>Rebollo, Salom\u00f3n<\/strong><br \/>\nDepartamento de Matem\u00e1tica, Universidad del B\u00edo-B\u00edo (UBB)<\/td>\n<\/tr>\n<tr>\n<td style=\"text-align: left;\"><strong><a href=\"http:\/\/ima.ucv.cl\/academicos\/felipe-riquelme\/\" target=\"_blank\" rel=\"noopener noreferrer\">Riquelme, Felipe<\/a><\/strong><br \/>\nInstituto de Matem\u00e1ticas, Pontificia Universidad Cat\u00f3lica de Valpara\u00edso (PUCV)<\/td>\n<\/tr>\n<tr>\n<td style=\"text-align: left;\"><strong>Rivas, Crist\u00f3bal<\/strong><br \/>\nDepartamento de Matem\u00e1tica, Universidad de Chile (UCh)<\/td>\n<\/tr>\n<tr>\n<td style=\"text-align: left;\"><strong>Romagnoli, Pierre-Paul<\/strong><br \/>\nDepartamento de Matem\u00e1ticas, Universidad Andr\u00e9s Bello (UNAB)<\/td>\n<\/tr>\n<tr>\n<td style=\"text-align: left;\"><strong>Saavedra, Mariana<\/strong><br \/>\nDepartamento de Matem\u00e1tica, Universidad de Concepci\u00f3n (UdeC)<\/td>\n<\/tr>\n<tr>\n<td style=\"text-align: left;\"><strong>S\u00e1ez, Eduardo<\/strong><br \/>\nDepartamento de Matem\u00e1tica, Universidad Santa Mar\u00eda (USM)<\/td>\n<\/tr>\n<tr>\n<td style=\"text-align: left;\"><strong><a href=\"http:\/\/ima.ucv.cl\/academicos\/radu-saghin\/\" target=\"_blank\" rel=\"noopener noreferrer\">Saghin, Radu<\/a><\/strong><br \/>\nInstituto de Matem\u00e1ticas, Pontificia Universidad Cat\u00f3lica de Valpara\u00edso (PUCV)<\/td>\n<\/tr>\n<tr>\n<td style=\"text-align: left;\"><strong>San Mart\u00edn, Bernardo<\/strong><br \/>\nDepartamento de Matem\u00e1ticas, Universidad Cat\u00f3lica del Norte (UCN)<\/td>\n<\/tr>\n<tr>\n<td style=\"text-align: left;\"><strong>Sirvent, V\u00edctor<\/strong><br \/>\nDepartamento de Matem\u00e1ticas, Universidad Cat\u00f3lica del Norte (UCN)<\/td>\n<\/tr>\n<tr>\n<td style=\"text-align: left;\"><strong>Sz\u00e1nt\u00f3, Iv\u00e1n<\/strong><br \/>\nDepartamento de Matem\u00e1tica, Universidad Santa Mar\u00eda (USM)<\/td>\n<\/tr>\n<tr>\n<td style=\"text-align: left;\"><strong>Trucco, Eugenio<\/strong><br \/>\nFacultad de Matem\u00e1ticas, Universidad Austral de Chile (UACh)<\/td>\n<\/tr>\n<tr>\n<td style=\"text-align: left;\"><strong>Uribe, Marco<\/strong><br \/>\nFacultad de Ingenier\u00eda, Universidad Cat\u00f3lica de la Sant\u00edsima Concepci\u00f3n (UCSC)<\/td>\n<\/tr>\n<tr>\n<td style=\"text-align: left;\"><strong><a href=\"http:\/\/ima.ucv.cl\/academicos\/valenzuela-francisco\/\" target=\"_blank\" rel=\"noopener noreferrer\">Valenzuela, Francisco<\/a><\/strong><br \/>\nInstituto de Matem\u00e1ticas, Pontificia Universidad Cat\u00f3lica de Valpara\u00edso (PUCV)<\/td>\n<\/tr>\n<tr>\n<td style=\"text-align: left;\"><strong><a href=\"http:\/\/ima.ucv.cl\/academicos\/carlos-vasquez\/\" target=\"_blank\" rel=\"noopener noreferrer\">V\u00e1squez, Carlos<\/a><\/strong><br \/>\nInstituto de Matem\u00e1ticas, Pontificia Universidad Cat\u00f3lica de Valpara\u00edso (PUCV)<\/td>\n<\/tr>\n<tr>\n<td style=\"text-align: left;\"><strong><a href=\"http:\/\/ciencias.ubiobio.cl\/cvidal\/\" target=\"_blank\" rel=\"noopener noreferrer\">Vidal, Claudio<\/a><\/strong><br \/>\nUniversidad del B\u00edo-B\u00edo (UBB)<\/td>\n<\/tr>\n<tr>\n<td style=\"text-align: left;\"><strong>Yayama, Yuki<\/strong><br \/>\nUniversidad del B\u00edo-B\u00edo (UBB)<\/td>\n<\/tr>\n<\/tbody>\n<\/table>\n","protected":false},"excerpt":{"rendered":"<p>Aguirre, Pablo Departamento de Matem\u00e1tica, Universidad Santa Mar\u00eda (USM) Aliste, Jos\u00e9 Departamento de Matem\u00e1ticas, Universidad Andr\u00e9s Bello (UNAB) Arfeux, Matthieu Instituto de Matem\u00e1ticas, Pontificia Universidad Cat\u00f3lica&#46;&#46;&#46;<\/p>\n","protected":false},"author":3,"featured_media":0,"parent":0,"menu_order":0,"comment_status":"closed","ping_status":"closed","template":"","meta":[],"_links":{"self":[{"href":"https:\/\/www.dynamicalsystems.cl\/index.php?rest_route=\/wp\/v2\/pages\/263"}],"collection":[{"href":"https:\/\/www.dynamicalsystems.cl\/index.php?rest_route=\/wp\/v2\/pages"}],"about":[{"href":"https:\/\/www.dynamicalsystems.cl\/index.php?rest_route=\/wp\/v2\/types\/page"}],"author":[{"embeddable":true,"href":"https:\/\/www.dynamicalsystems.cl\/index.php?rest_route=\/wp\/v2\/users\/3"}],"replies":[{"embeddable":true,"href":"https:\/\/www.dynamicalsystems.cl\/index.php?rest_route=%2Fwp%2Fv2%2Fcomments&post=263"}],"version-history":[{"count":39,"href":"https:\/\/www.dynamicalsystems.cl\/index.php?rest_route=\/wp\/v2\/pages\/263\/revisions"}],"predecessor-version":[{"id":469,"href":"https:\/\/www.dynamicalsystems.cl\/index.php?rest_route=\/wp\/v2\/pages\/263\/revisions\/469"}],"wp:attachment":[{"href":"https:\/\/www.dynamicalsystems.cl\/index.php?rest_route=%2Fwp%2Fv2%2Fmedia&parent=263"}],"curies":[{"name":"wp","href":"https:\/\/api.w.org\/{rel}","templated":true}]}}